- 102*n - 2001. Calculate j(-27).
24
Let z(c) = -3*c**2 + c + 71. What is z(5)?
1
Let m(a) = a**3 + 59*a**2 + 58*a - 42. Give m(-58).
-42
Let m(n) = -2*n**3 - 37*n**2 - 14*n + 96. Determine m(-18).
24
Let y(v) = 50*v - 1246. Calculate y(25).
4
Let a(b) = -10*b**2 - 49*b + 351. Calculate a(5).
-144
Let y(j) = -2*j**2 - 127*j - 1392. Give y(-14).
-6
Let g(k) = 232*k - 279. What is g(4)?
649
Let a(t) = t - 23. Calculate a(-16).
-39
Let b(u) = -u**3 + 24*u**2 - 29*u + 108. Determine b(23).
-30
Let m(d) = d**2 + 11*d - 14. Give m(-12).
-2
Let q(y) = -3*y**2 - 12*y + 38. Give q(-4).
38
Let s(d) = 8102*d - 48604. Determine s(6).
8
Let g(k) = 14*k - 127. Determine g(23).
195
Let u(r) = 23*r + 201. What is u(-12)?
-75
Let u(z) = -z**3 - 14*z**2 + 52*z - 8. Calculate u(-17).
-25
Let v(s) = -s**3 - 66*s**2 - 129*s - 67. Give v(-64).
-3
Let o(x) = -37*x**2 - 1154*x + 4941. What is o(-35)?
6
Let j(u) = -95*u + 6789. Give j(72).
-51
Let o(q) = q**2 - 70*q - 704. What is o(79)?
7
Let t(i) = 42*i**2 + 6*i - 2. What is t(1)?
46
Let t(x) = -4*x**3 + 2*x**2 - 2. Determine t(2).
-26
Let y(x) = x**3 - 124*x**2 - 252*x - 7. Determine y(126).
-7
Let p(q) = 52*q + 564. Calculate p(-11).
-8
Let b(x) = x**2 + 97*x + 1581. Give b(-21).
-15
Let l(v) = -16*v**2 - 41*v + 88. Calculate l(2).
-58
Let p(g) = -25*g**2 - 2871*g + 485. Give p(-115).
25
Let u(s) = -3*s**3 - 23*s**2 - 38*s + 20. What is u(-5)?
10
Let t(s) = -4*s**3 + s**2 - 76*s + 76. What is t(1)?
-3
Let m(z) = -z**3 + 44*z**2 - 43*z - 150. Calculate m(43).
-150
Let d(b) = 52*b - 230. What is d(7)?
134
Let k(g) = 18*g**2 - 56*g + 2. What is k(3)?
-4
Let r(g) = 65*g**2 + 2792*g + 32. Give r(-43).
161
Let m(l) = -l**3 + 21*l**2 - 151*l + 3166. Determine m(21).
-5
Let f(r) = r**3 + 392*r**2 - 1201*r - 6324. Calculate f(-395).
-4
Let i(s) = -s**3 - 9*s**2 + 10*s + 24. Give i(-5).
-126
Let x(r) = r**3 - 7*r**2 + 7*r - 380. Give x(10).
-10
Let b(l) = 5*l**2 + 229*l - 3531. What is b(-58)?
7
Let f(j) = 515*j - 94239. What is f(183)?
6
Let q(p) = -7*p**3 + 10*p**2 - 8*p + 3. Calculate q(3).
-120
Let d(w) = -4*w**3 + 116*w**2 - 118*w + 159. Calculate d(28).
-9
Let u(i) = 16*i - 361. What is u(20)?
-41
Let y(d) = -d**3 + 34*d**2 - 292*d + 92. Determine y(15).
-13
Let v(i) = -14*i - 268. What is v(-22)?
40
Let v(u) = -2*u**2 - 79*u + 13. Determine v(0).
13
Let q(t) = 4*t**2 + 156*t + 215. What is q(-38)?
63
Let u(w) = -2*w**3 - 176*w**2 - 345*w - 89. Calculate u(-86).
-3
Let i(s) = -29*s**3 - 3*s**2 - 11*s + 14. What is i(1)?
-29
Let o(u) = 2*u**3 + 46*u**2 + 59*u + 306. What is o(-22)?
-24
Let s(o) = -56*o + 13040. Give s(233).
-8
Let a(y) = 2*y**2 + 494*y + 8246. Determine a(-18).
2
Let n(p) = p**3 - 140*p**2 - 168*p + 3808. Calculate n(141).
1
Let s(o) = -906*o + 13586. Determine s(15).
-4
Let f(d) = -2*d**2 - 40*d + 24. Give f(-21).
-18
Let y(l) = 807*l - 2367. What is y(3)?
54
Let t(h) = h**3 + 36*h**2 - 123. Calculate t(-36).
-123
Let u(n) = 2*n**2 - n + 18. Calculate u(13).
343
Let m(h) = -7*h**2 + 390*h - 663. Determine m(54).
-15
Let m(b) = 61*b - 571. Give m(8).
-83
Let b(a) = -2*a**3 - a**2 - 9*a + 34. What is b(0)?
34
Let s(z) = -181*z + 9581. What is s(52)?
169
Let c(t) = t**2 - 13*t - 275. What is c(25)?
25
Let t(w) = -7*w**3 - 78*w**2 - 11*w + 8. Calculate t(-11).
8
Let p(a) = -a**3 - 79*a**2 + 82*a + 165. Give p(-80).
5
Let l(v) = v**3 - 3*v**2 - v + 2. What is l(3)?
-1
Let n(o) = -6*o - 133. What is n(-16)?
-37
Let h(b) = 4*b**2 + 55*b + 502. Calculate h(-16).
646
Let k(i) = i**2 + 27*i + 79. Calculate k(-8).
-73
Let l(c) = 103*c + 264. What is l(-2)?
58
Let u(k) = 12*k**2 - 453*k - 147. Determine u(38).
-33
Let t(m) = -m**2 - 133*m - 713. Determine t(-128).
-73
Let q(n) = 15*n**3 - 10*n**2 - 1. Calculate q(-1).
-26
Let c(l) = 1938*l + 5819. Give c(-3).
5
Let w(k) = 255*k - 8797. Determine w(35).
128
Let a(j) = -3*j**2 - 2279*j - 35694. Calculate a(-16).
2
Let p(k) = -15*k**3 + 6*k**2 + 9*k - 4. Determine p(-2).
122
Let z(i) = 17*i**2 + 392*i + 15. Calculate z(-24).
399
Let x(r) = -7*r - 108. Give x(0).
-108
Let t(b) = -b**3 - 21*b**2 - 59*b + 341. Determine t(-17).
188
Let x(t) = -t**2 - 56*t - 380. What is x(-47)?
43
Let l(w) = -w**3 - 27*w**2 - 77*w - 177. Calculate l(-24).
-57
Let h(f) = -187*f**2 + 1090*f + 185. Give h(6).
-7
Let p(f) = f**2 - 215*f - 28261. What is p(-92)?
-17
Let c(b) = -2*b**3 - 19*b**2 - 232*b - 2026. Give c(-9).
-19
Let k(m) = 728*m + 84441. What is k(-116)?
-7
Let m(l) = 2*l**2 + 62*l - 355. Determine m(5).
5
Let o(d) = -2*d**2 + 52*d - 92. Determine o(2).
4
Let p(g) = 2*g + 79. Calculate p(-5).
69
Let v(l) = l**3 + 48*l**2 + 140*l + 21. Determine v(-45).
-204
Let m(p) = 363*p - 3193. What is m(9)?
74
Let x(n) = 11*n - 485. What is x(50)?
65
Let l(k) = -645*k + 7743. What is l(12)?
3
Let g(j) = j**3 - 25*j**2 - 12*j + 290. Give g(25).
-10
Let s(a) = 166*a + 1306. Calculate s(-7).
144
Let x(v) = -113*v**2 - 646*v + 176. Give x(-6).
-16
Let q(k) = -k**2 + 1165*k + 12936. Determine q(-11).
0
Let h(z) = -9*z + 13. Calculate h(-1).
22
Let k(a) = -a**3 - 8*a**2 - 3*a - 52. Calculate k(-4).
-104
Let m(h) = h**2 + 37*h + 205. What is m(-10)?
-65
Let f(j) = -65*j - 996. Calculate f(-16).
44
Let c(l) = 2*l**2 - 12*l - 52. Give c(-4).
28
Let q(s) = 3*s**2 - 50*s - 138. Determine q(19).
-5
Let p(c) = -2*c**3 - 10*c**2 - 14*c + 1. Determine p(-2).
5
Let k(o) = 7*o - 295. Calculate k(37).
-36
Let v(n) = 13*n + 126. Determine v(-4).
74
Let h(q) = 10*q**2 - 192*q + 26. Determine h(19).
-12
Let l(k) = k**2 + 223*k - 914. Calculate l(4).
-6
Let g(r) = r**3 - 27*r**2 + 6*r - 89. What is g(27)?
73
Let y(h) = -h**2 + 60*h - 669. Determine y(16).
35
Let l(r) = r**3 + 26*r**2 - 55*r - 602. Determine l(-27).
154
Let b(s) = 2*s**2 - 49*s + 228. Calculate b(14).
-66
Let l(d) = 46*d - 461. Calculate l(9).
-47
Let i(z) = -8*z**3 + 159*z**2 + 24*z - 75. What is i(20)?
5
Let a(n) = -n**3 - 29*n**2 - 5*n - 164. Calculate a(-29).
-19
Let q(k) = 44*k - 126. Calculate q(4).
50
Let b(d) = -27*d + 553. What is b(19)?
40
Let x(l) = -7*l**2 - 12*l - 10. What is x(-3)?
-37
Let t(g) = 3*g**2 - 16*g - 770. Give t(-20).
750
Let v(w) = -114*w**3 - 3*w**2 - 23*w + 25. Give v(1).
-115
Let m(b) = 82*b - 857. Give m(12).
127
Let j(t) = 3*t**3 - 15*t**2 + 2*t - 8. Calculate j(5).
2
Let s(a) = a**3 - 294*a**2 - 3039*a - 11. What is s(-10)?
-21
Let z(q) = 2*q**3 - 177*q**2 - 85*q - 345. Calculate z(89).
11
Let p(k) = 11*k**3 - 50*k**2 - 20*k - 5. Give p(5).
20
Let y(n) = n**3 - 17*n**2 - 137*n. Calculate y(-6).
-6
Let c(o) = -10584*o + 21163. Determine c(2).
-5
Let d(c) = -2*c**2 - 19*c - 80. Give d(-10).
-90
Let x(d) = -1064*d - 20226. Give x(-19).
-10
Let n(g) = 4*g**3 - 56*g**2 - 2*g + 39. Calculate n(14).
11
Let k(c) = -54*c**2 + 3726*c + 2. What is k(69)?
2
Let k(b) = -3*b**2 + 211*b - 242. Determine k(69).
34
Let h(r) = -61*r - 1151. Give h(-18).
-53
Let q(x) = x**3 + 6*x**2 - 37*x + 19. Calculate q(-10).
-11
Let d(m) = m**3 - 54*m**2 - 120*m - 10. Give d(-2).
6
Let b(q) = -q**3 + 16*q**2 - 60*q + 18. Give b(10).
18
Let s(d) = 154*d - 707. Calculate s(4).
-91
Let u(a) = 2*a**2 - 64*a + 135. Calculate u(2).
15
Let y(r) = r**3 - 40*r**2 + 167*r - 842. Give y(36).
-14
Let i(y) = -3*y**2 - 9*y - 18. What is i(-6)?
-72
Let m(w) = w**3 + 6*w**2 + 13*w - 1. Give m(-6).
-79
Let n(w) = -2*w**3 + 53*w**2 + 75*w + 244. Determine n(28).
-8
Let r(t) = t**2 + 733*t + 10768. Calculate r(-15).
-2
Let c(d) = -d**3 + 9*d**2 + 5*d + 44. Give c(10).
-6
Let j(d) = 3*d**3 - 3*d**2 + 2*d + 10. What is j(0)?
10
Let n(i) = -195*i - 933. Give n(-6).
237
Let x(o) = 28*o + 209. What is x(-7)?
13
Let w(t) = -22*t + 384. What is w(23)?
-122
Let i(r) = 23*r**3 - 12*r**2 - 2. Give i(1).
9
Let p(m) = 154*m - 377. Give p(4).
239
Let a(h) = 5*h**2 - 112*h + 451. Calculate a(17).
-8
Let p(v) = 100*v + 588. Determine p(-6).
-12
Let a(s) = 577*s + 73. What is a(-1)?
-504
Let t(p) = 116*p + 2003. Determine t(-17).
31
Let c(i) = -3*i**3 + 177*i**2 - 339*i - 178. Determine c(57).
-7
Let c(l) = 2*l**3 + 107*l**2 - 54*l - 16. Give c(-54).
-16
Let i(k) = k**2 - 31*k - 208. Calculate i(43).
308
Let f(b) = -94*b + 1685. Determine f(18).
-7
Let v(u) = 109*u - 3119. Calculate v(28).
-67
Let i(z) = z**3 - 20*z**2 + 16*z + 302. Determine i(5).
7
Let q(r) = -r**2 - 59